hen 565697 is divided by 113031?
542
What is the remainder when 10007 is divided by 3119?
650
What is the remainder when 29701 is divided by 25283?
4418
What is the remainder when 9425 is divided by 24?
17
Calculate the remainder when 8992793 is divided by 8992770.
23
What is the remainder when 1219122 is divided by 1899?
1863
Calculate the remainder when 10632967 is divided by 9.
7
Calculate the remainder when 245223 is divided by 2269.
171
What is the remainder when 5286527 is divided by 936?
935
Calculate the remainder when 1157612879 is divided by 103.
102
Calculate the remainder when 252414 is divided by 2139.
12
Calculate the remainder when 2001387 is divided by 42.
3
Calculate the remainder when 80598 is divided by 2014.
38
Calculate the remainder when 895962 is divided by 72.
66
Calculate the remainder when 3154303 is divided by 787.
7
What is the remainder when 225628 is divided by 106689?
12250
What is the remainder when 23823 is divided by 458?
7
What is the remainder when 16975727 is divided by 693?
692
What is the remainder when 25512067 is divided by 322?
7
Calculate the remainder when 2171197 is divided by 12.
1
Calculate the remainder when 13299957 is divided by 1863.
0
Calculate the remainder when 516175 is divided by 171376.
2047
Calculate the remainder when 1136221124 is divided by 252.
248
Calculate the remainder when 6188238 is divided by 52.
30
Calculate the remainder when 3655159 is divided by 133.
53
Calculate the remainder when 102967 is divided by 12534.
2695
Calculate the remainder when 659327 is divided by 2369.
745
What is the remainder when 1181950 is divided by 34763?
8
Calculate the remainder when 20897 is divided by 896.
289
Calculate the remainder when 738626 is divided by 6910.
6166
Calculate the remainder when 2971782 is divided by 289.
284
What is the remainder when 5509637 is divided by 5509491?
146
Calculate the remainder when 2361834 is divided by 1681.
29
What is the remainder when 143202 is divided by 4976?
3874
Calculate the remainder when 86965 is divided by 11524.
6297
Calculate the remainder when 210975449 is divided by 182821.
15
What is the remainder when 14834230 is divided by 28?
26
Calculate the remainder when 1963357 is divided by 71.
65
What is the remainder when 1020568 is divided by 1331?
1022
What is the remainder when 2534638 is divided by 4204?
3830
What is the remainder when 4722141 is divided by 1574002?
135
Calculate the remainder when 54500 is divided by 26923.
654
Calculate the remainder when 1687574 is divided by 29.
6
What is the remainder when 6841955 is divided by 344?
139
What is the remainder when 809535218 is divided by 27?
23
What is the remainder when 548217 is divided by 750?
717
What is the remainder when 70398 is divided by 381?
294
What is the remainder when 543009998 is divided by 520?
518
Calculate the remainder when 216542035 is divided by 156.
151
Calculate the remainder when 211870 is divided by 3644.
518
Calculate the remainder when 1235136 is divided by 4201.
42
What is the remainder when 245856472 is divided by 22042?
4
Calculate the remainder when 1019737615 is divided by 28.
15
Calculate the remainder when 892414 is divided by 25497.
19
Calculate the remainder when 1644226 is divided by 653.
625
Calculate the remainder when 457502 is divided by 41394.
2168
What is the remainder when 12865 is divided by 2475?
490
Calculate the remainder when 164731 is divided by 164683.
48
Calculate the remainder when 16179567 is divided by 99.
96
Calculate the remainder when 73955 is divided by 8.
3
What is the remainder when 1328672 is divided by 1552?
160
What is the remainder when 3446935 is divided by 8?
7
What is the remainder when 60678 is divided by 20209?
51
Calculate the remainder when 24179561 is divided by 2871.
2870
What is the remainder when 2953599 is divided by 1476796?
7
What is the remainder when 1124715 is divided by 43248?
267
Calculate the remainder when 1204595 is divided by 21133.
14
Calculate the remainder when 10184653 is divided by 783415.
258
Calculate the remainder when 14995733 is divided by 1071123.
11
Calculate the remainder when 1718196 is divided by 1562.
1558
Calculate the remainder when 73817347 is divided by 29.
22
What is the remainder when 2189149 is divided by 666?
7
What is the remainder when 45662514 is divided by 14050?
14
Calculate the remainder when 2430328 is divided by 144.
40
Calculate the remainder when 109651 is divided by 18210.
391
What is the remainder when 11017221 is divided by 36?
33
What is the remainder when 111764 is divided by 274?
246
Calculate the remainder when 34141702 is divided by 1812.
1810
Calculate the remainder when 1423937 is divided by 6980.
17
Calculate the remainder when 1199316 is divided by 428.
60
What is the remainder when 20869 is divided by 3127?
2107
Calculate the remainder when 13008558 is divided by 131.
127
Calculate the remainder when 47745 is divided by 1029.
411
Calculate the remainder when 396692196 is divided by 1544.
1540
Calculate the remainder when 320045 is divided by 105573.
3326
Calculate the remainder when 930356 is divided by 77529.
8
Calculate the remainder when 32222 is divided by 5047.
1940
What is the remainder when 189036 is divided by 15464?
3468
Calculate the remainder when 960340 is divided by 578.
282
Calculate the remainder when 66576038 is divided by 963.
959
Calculate the remainder when 402131 is divided by 201060.
11
What is the remainder when 55615 is divided by 6557?
3159
What is the remainder when 42547867 is divided by 1090970?
37
Calculate the remainder when 110426113 is divided by 1658.
1655
Calculate the remainder when 9271580 is divided by 39963.
164
Calculate the remainder when 69154 is divided by 13548.
1414
What is the remainder when 865825 is divided by 512?
33
Calculate the remainder when 4343537 is divided by 335.
262
Calculate the remainder when 983209101 is divided by 258.
255
Calculate the remainder when 1061580 is divided by 132693.
36
What is the remainder when 305910 is divided by 306?
216
Calculate the remainder when 40559 is divided by 7861.
1254
What is the remainder when 235552 is divided by 22551?
10042
What is the remainder when 240324 is divided by 43?
40
What is the remainder when 562607 is divided by 2757?
179
Calculate the remainder when 951745 is divided by 647.
8
What is the remainder when 19348991 is divided by 57?
56
Calculate the remainder when 2338906 is divided by 75443.
173
Calculate the remainder when 2408605 is divided by 510.
385
What is the remainder when 1653844 is divided by 551178?
310
What is the remainder when 599519 is divided by 299681?
157
What is the remainder when 796660 is divided by 66382?
76
Calculate the remainder when 935619 is divided by 93536.
259
Calculate the remainder when 856041 is divided by 106653.
2817
Calculate the remainder when 38469913 is divided by 155.
153
What is the remainder when 27331894 is divided by 3889?
2
Calculate the remainder when 1202367 is divided by 26138.
19
What is the remainder when 26922 is divided by 6467?
1054
What is the remainder when 6278 is divided by 3177?
3101
Calculate the remainder when 23958 is divided by 23360.
598
What is the remainder when 9408920 is divided by 4704456?
8
What is the remainder when 7907964 is divided by 167?
13
What is the remainder when 34602762 is divided by 1081336?
10
Calculate the remainder when 220807 is divided by 55190.
47
What is the remainder when 77230025 is divided by 431?
428
Calculate the remainder when 231782 is divided by 3908.
1210
Calculate the remainder when 58512527 is divided by 309590.
17
What is the remainder when 78022472 is divided by 2905?
2887
Calculate the remainder when 37777443 is divided by 371.
368
What is the remainder when 2909383 is divided by 163?
159
Calculate the remainder when 570216 is divided by 11.
9
Calculate the remainder when 9462232 is divided by 788495.
292
What is the remainder when 1046166 is divided by 348715?
21
What is the remainder when 9104437 is divided by 3034797?
46
What is the remainder when 2024675 is divided by 1593?
1565
What is the remainder when 1095527 is divided by 273880?
7
What is the remainder when 98827781 is divided by 4709?
4707
Calculate the remainder when 39818518 is divided